{"id":2937,"date":"2022-05-30T18:45:17","date_gmt":"2022-05-30T18:45:17","guid":{"rendered":"https:\/\/silica1.com\/lasmariasresort\/?page_id=2937"},"modified":"2022-05-30T23:42:53","modified_gmt":"2022-05-30T23:42:53","slug":"eventos","status":"publish","type":"page","link":"https:\/\/silica1.com\/lasmariasresort\/eventos\/","title":{"rendered":"Eventos"},"content":{"rendered":"\t\t<div data-elementor-type=\"wp-page\" data-elementor-id=\"2937\" class=\"elementor elementor-2937\">\n\t\t\t\t\t\t<section class=\"elementor-section elementor-top-section elementor-element elementor-element-5ea6585 elementor-section-boxed elementor-section-height-default elementor-section-height-default\" data-id=\"5ea6585\" data-element_type=\"section\">\n\t\t\t\t\t\t<div class=\"elementor-container elementor-column-gap-default\">\n\t\t\t\t\t<div class=\"elementor-column elementor-col-100 elementor-top-column elementor-element elementor-element-51a5053\" data-id=\"51a5053\" data-element_type=\"column\">\n\t\t\t<div class=\"elementor-widget-wrap elementor-element-populated\">\n\t\t\t\t\t\t<div class=\"elementor-element elementor-element-4c23fbd elementor-widget elementor-widget-text-editor\" data-id=\"4c23fbd\" data-element_type=\"widget\" data-widget_type=\"text-editor.default\">\n\t\t\t\t<div class=\"elementor-widget-container\">\n\t\t\t\t\t\t\t\t\t<h4>Hacienda las Mar\u00edas se ha convertido en el lugar de moda para bodas, quincea\u00f1eras, y todo tipo de eventos familiares, sociales, empresariales y de gobierno.<\/h4>\t\t\t\t\t\t\t\t<\/div>\n\t\t\t\t<\/div>\n\t\t\t\t\t<\/div>\n\t\t<\/div>\n\t\t\t\t\t<\/div>\n\t\t<\/section>\n\t\t\t\t<section class=\"elementor-section elementor-top-section elementor-element elementor-element-4666645 elementor-section-boxed elementor-section-height-default elementor-section-height-default\" data-id=\"4666645\" data-element_type=\"section\">\n\t\t\t\t\t\t<div class=\"elementor-container elementor-column-gap-default\">\n\t\t\t\t\t<div class=\"elementor-column elementor-col-100 elementor-top-column elementor-element elementor-element-4667309\" data-id=\"4667309\" data-element_type=\"column\">\n\t\t\t<div class=\"elementor-widget-wrap elementor-element-populated\">\n\t\t\t\t\t\t<div class=\"elementor-element elementor-element-25e6db5 elementor-widget elementor-widget-video\" data-id=\"25e6db5\" data-element_type=\"widget\" data-settings=\"{&quot;youtube_url&quot;:&quot;https:\\\/\\\/youtu.be\\\/aHU0TFtvLIM&quot;,&quot;video_type&quot;:&quot;youtube&quot;,&quot;controls&quot;:&quot;yes&quot;}\" data-widget_type=\"video.default\">\n\t\t\t\t<div class=\"elementor-widget-container\">\n\t\t\t\t\t\t\t<div class=\"elementor-wrapper elementor-open-inline\">\n\t\t\t<div class=\"elementor-video\"><\/div>\t\t<\/div>\n\t\t\t\t\t\t<\/div>\n\t\t\t\t<\/div>\n\t\t\t\t\t<\/div>\n\t\t<\/div>\n\t\t\t\t\t<\/div>\n\t\t<\/section>\n\t\t\t\t<section class=\"elementor-section elementor-top-section elementor-element elementor-element-fe9f41e elementor-section-boxed elementor-section-height-default elementor-section-height-default\" data-id=\"fe9f41e\" data-element_type=\"section\">\n\t\t\t\t\t\t<div class=\"elementor-container elementor-column-gap-default\">\n\t\t\t\t\t<div class=\"elementor-column elementor-col-100 elementor-top-column elementor-element elementor-element-2ad51ca\" data-id=\"2ad51ca\" data-element_type=\"column\">\n\t\t\t<div class=\"elementor-widget-wrap elementor-element-populated\">\n\t\t\t\t\t\t<div class=\"elementor-element elementor-element-6532735 elementor-widget elementor-widget-text-editor\" data-id=\"6532735\" data-element_type=\"widget\" data-widget_type=\"text-editor.default\">\n\t\t\t\t<div class=\"elementor-widget-container\">\n\t\t\t\t\t\t\t\t\t<h3>Las Mar\u00edas ser\u00e1 le mejor sede para tu boda, o para cualquier evento.<\/h3>\t\t\t\t\t\t\t\t<\/div>\n\t\t\t\t<\/div>\n\t\t\t\t\t<\/div>\n\t\t<\/div>\n\t\t\t\t\t<\/div>\n\t\t<\/section>\n\t\t\t\t<section class=\"elementor-section elementor-top-section elementor-element elementor-element-8d65e3b elementor-section-boxed elementor-section-height-default elementor-section-height-default\" data-id=\"8d65e3b\" data-element_type=\"section\">\n\t\t\t\t\t\t<div class=\"elementor-container elementor-column-gap-default\">\n\t\t\t\t\t<div class=\"elementor-column elementor-col-100 elementor-top-column elementor-element elementor-element-853d145\" data-id=\"853d145\" data-element_type=\"column\">\n\t\t\t<div class=\"elementor-widget-wrap elementor-element-populated\">\n\t\t\t\t\t\t<div class=\"elementor-element elementor-element-e428daf elementor-widget elementor-widget-text-editor\" data-id=\"e428daf\" data-element_type=\"widget\" data-widget_type=\"text-editor.default\">\n\t\t\t\t<div class=\"elementor-widget-container\">\n\t\t\t\t\t\t\t\t\t<h5><b>En las Mar\u00edas tenemos todo para que su boda o evento sea un acontecimiento inolvidable para ustedes y sus invitados:<\/b><\/h5>\t\t\t\t\t\t\t\t<\/div>\n\t\t\t\t<\/div>\n\t\t\t\t\t<\/div>\n\t\t<\/div>\n\t\t\t\t\t<\/div>\n\t\t<\/section>\n\t\t\t\t<section class=\"elementor-section elementor-top-section elementor-element elementor-element-7702678 elementor-section-boxed elementor-section-height-default elementor-section-height-default\" data-id=\"7702678\" data-element_type=\"section\">\n\t\t\t\t\t\t<div class=\"elementor-container elementor-column-gap-default\">\n\t\t\t\t\t<div class=\"elementor-column elementor-col-100 elementor-top-column elementor-element elementor-element-ebe2e2f\" data-id=\"ebe2e2f\" data-element_type=\"column\">\n\t\t\t<div class=\"elementor-widget-wrap elementor-element-populated\">\n\t\t\t\t\t\t<div class=\"elementor-element elementor-element-1382cd7 elementor-widget elementor-widget-text-editor\" data-id=\"1382cd7\" data-element_type=\"widget\" data-widget_type=\"text-editor.default\">\n\t\t\t\t<div class=\"elementor-widget-container\">\n\t\t\t\t\t\t\t\t\t<ul><li>Belleza natural.<\/li><li>Un lugar de energ\u00eda inigualable.<\/li><li>C\u00e1lida atenci\u00f3n de nuestro personal.<\/li><li>Bellos jardines.<\/li><li>Alberca.<\/li><li>Iglesia.<\/li><li>Elegante sal\u00f3n de eventos, que \u00e9ste invierno contar\u00e1 con equipos de calefacci\u00f3n.<\/li><li>Confortables habitaciones de hotel.<\/li><li>Lago y kiosko para rompe-hielos y sesiones de fotos.<\/li><li>\u00c1rea de torna-boda con asadores.<\/li><li><b>Y facilidades de pago que nunca imaginaste.<\/b><\/li><\/ul>\t\t\t\t\t\t\t\t<\/div>\n\t\t\t\t<\/div>\n\t\t\t\t\t<\/div>\n\t\t<\/div>\n\t\t\t\t\t<\/div>\n\t\t<\/section>\n\t\t\t\t<section class=\"elementor-section elementor-top-section elementor-element elementor-element-375e44b elementor-section-boxed elementor-section-height-default elementor-section-height-default\" data-id=\"375e44b\" data-element_type=\"section\">\n\t\t\t\t\t\t<div class=\"elementor-container elementor-column-gap-default\">\n\t\t\t\t\t<div class=\"elementor-column elementor-col-100 elementor-top-column elementor-element elementor-element-e3c3a58\" data-id=\"e3c3a58\" data-element_type=\"column\">\n\t\t\t<div class=\"elementor-widget-wrap elementor-element-populated\">\n\t\t\t\t\t\t<div class=\"elementor-element elementor-element-cda59f2 elementor-widget elementor-widget-text-editor\" data-id=\"cda59f2\" data-element_type=\"widget\" data-widget_type=\"text-editor.default\">\n\t\t\t\t<div class=\"elementor-widget-container\">\n\t\t\t\t\t\t\t\t\t<h5>Nuestras increibles promociones:<\/h5>\t\t\t\t\t\t\t\t<\/div>\n\t\t\t\t<\/div>\n\t\t\t\t\t<\/div>\n\t\t<\/div>\n\t\t\t\t\t<\/div>\n\t\t<\/section>\n\t\t\t\t<section class=\"elementor-section elementor-top-section elementor-element elementor-element-b1ef7dc elementor-section-boxed elementor-section-height-default elementor-section-height-default\" data-id=\"b1ef7dc\" data-element_type=\"section\">\n\t\t\t\t\t\t<div class=\"elementor-container elementor-column-gap-default\">\n\t\t\t\t\t<div class=\"elementor-column elementor-col-100 elementor-top-column elementor-element elementor-element-2d5180a\" data-id=\"2d5180a\" data-element_type=\"column\">\n\t\t\t<div class=\"elementor-widget-wrap elementor-element-populated\">\n\t\t\t\t\t\t<div class=\"elementor-element elementor-element-8bf6f50 elementor-widget elementor-widget-text-editor\" data-id=\"8bf6f50\" data-element_type=\"widget\" data-widget_type=\"text-editor.default\">\n\t\t\t\t<div class=\"elementor-widget-container\">\n\t\t\t\t\t\t\t\t\t<ul><li>\u00a0C\u00e1sate en las Mar\u00edas, o celebra tu evento de lunes a jueves, y te financiaremos tu boda a 5 a\u00f1os con el 12% de inter\u00e9s anual sobre saldos insolutos.<\/li><li>C\u00e1sate en las Mar\u00edas de noviembre a febrero y tu boda te costar\u00e1 la mitad, <b><i>\u00a1Y si es de lunes a jueves, te la financiamos a 5 a\u00f1os con el 12% de inter\u00e9s anual sobre saldos insolutos.<\/i><\/b><\/li><li><b>Nota:\u00a0<\/b> (No se incluye en la promoci\u00f3n banquete, decoraci\u00f3n, m\u00fasica y licores).<\/li><\/ul>\t\t\t\t\t\t\t\t<\/div>\n\t\t\t\t<\/div>\n\t\t\t\t\t<\/div>\n\t\t<\/div>\n\t\t\t\t\t<\/div>\n\t\t<\/section>\n\t\t\t\t<section class=\"elementor-section elementor-top-section elementor-element elementor-element-ffa4a47 elementor-section-boxed elementor-section-height-default elementor-section-height-default\" data-id=\"ffa4a47\" data-element_type=\"section\">\n\t\t\t\t\t\t<div class=\"elementor-container elementor-column-gap-default\">\n\t\t\t\t\t<div class=\"elementor-column elementor-col-100 elementor-top-column elementor-element elementor-element-0b9eccf\" data-id=\"0b9eccf\" data-element_type=\"column\">\n\t\t\t<div class=\"elementor-widget-wrap elementor-element-populated\">\n\t\t\t\t\t\t<div class=\"elementor-element elementor-element-ad40996 elementor-widget elementor-widget-text-editor\" data-id=\"ad40996\" data-element_type=\"widget\" data-widget_type=\"text-editor.default\">\n\t\t\t\t<div class=\"elementor-widget-container\">\n\t\t\t\t\t\t\t\t\t<h5><b>Nuestros servicios para su boda o evento:<\/b><\/h5>\t\t\t\t\t\t\t\t<\/div>\n\t\t\t\t<\/div>\n\t\t\t\t\t<\/div>\n\t\t<\/div>\n\t\t\t\t\t<\/div>\n\t\t<\/section>\n\t\t\t\t<section class=\"elementor-section elementor-top-section elementor-element elementor-element-14618a9 elementor-section-boxed elementor-section-height-default elementor-section-height-default\" data-id=\"14618a9\" data-element_type=\"section\">\n\t\t\t\t\t\t<div class=\"elementor-container elementor-column-gap-default\">\n\t\t\t\t\t<div class=\"elementor-column elementor-col-100 elementor-top-column elementor-element elementor-element-0b016d6\" data-id=\"0b016d6\" data-element_type=\"column\">\n\t\t\t<div class=\"elementor-widget-wrap elementor-element-populated\">\n\t\t\t\t\t\t<div class=\"elementor-element elementor-element-2ffc229 elementor-widget elementor-widget-text-editor\" data-id=\"2ffc229\" data-element_type=\"widget\" data-widget_type=\"text-editor.default\">\n\t\t\t\t<div class=\"elementor-widget-container\">\n\t\t\t\t\t\t\t\t\t<p><strong>Hacienda la Mar\u00edas les ofrece:<\/strong><\/p><ul><li>Sal\u00f3n estilo hacienda con capacidad de 600 comensales, al aire libre y techado en el verano, o cerrado en invierno o con lluvia, y con calefacci\u00f3n en invierno.\u00a0<\/li><li>El sal\u00f3n cuenta con un espectacular candil de 30,000 luces led de miles de colores.<\/li><li>Mobiliario de madera (sillas y mesas).<\/li><li>Caba\u00f1a nupcial para la noche de bodas.<\/li><li>Bodega de vinos<\/li><li>Descorche $50 por invitado, que puede traer las bebidas de su preferencia. Solo se aplica por las personas que consumen bebidas alcoh\u00f3licas.<\/li><li>Iglesia situada en la cima de un cerro con vistas panor\u00e1micas para misa de bendici\u00f3n y fotos.<\/li><li>Lago y Kiosco para sesi\u00f3n de fotos y para reuni\u00f3n rompe-hielo.<\/li><li>\u00c1rea de tornaboda en los jardines con asador junto al sal\u00f3n de eventos.<\/li><li>Personal de seguridad, mantenimiento y limpieza el d\u00eda del evento.<\/li><li>El n\u00famero requerido de meseros el d\u00eda del evento en el horario se\u00f1alado.<\/li><li>Hielo y refrescos inclu\u00eddos durante todo el evento.<\/li><li>Hotel con 60 habitaciones, jard\u00edn central y alberca.<\/li><li>El costo de las habitaciones de hotel es por separado. Las tarifas est\u00e1n sujetas a cambios y disponibilidad.\u00a0<\/li><li>Costo actual por habitaci\u00f3n $2,500.00 sujeto a cambios sin previo aviso, salvo cuando se haga reservaci\u00f3n.<\/li><\/ul><div>\u00a0<\/div>\t\t\t\t\t\t\t\t<\/div>\n\t\t\t\t<\/div>\n\t\t\t\t\t<\/div>\n\t\t<\/div>\n\t\t\t\t\t<\/div>\n\t\t<\/section>\n\t\t\t\t<section class=\"elementor-section elementor-top-section elementor-element elementor-element-d844dfb elementor-section-boxed elementor-section-height-default elementor-section-height-default\" data-id=\"d844dfb\" data-element_type=\"section\">\n\t\t\t\t\t\t<div class=\"elementor-container elementor-column-gap-default\">\n\t\t\t\t\t<div class=\"elementor-column elementor-col-100 elementor-top-column elementor-element elementor-element-e242c86\" data-id=\"e242c86\" data-element_type=\"column\">\n\t\t\t<div class=\"elementor-widget-wrap elementor-element-populated\">\n\t\t\t\t\t\t<div class=\"elementor-element elementor-element-51b8090 elementor-widget elementor-widget-image\" data-id=\"51b8090\" data-element_type=\"widget\" data-widget_type=\"image.default\">\n\t\t\t\t<div class=\"elementor-widget-container\">\n\t\t\t\t\t\t\t\t\t\t\t\t\t\t\t\t<a href=\"https:\/\/wa.me\/+526142124650\" target=\"_blank\" rel=\"noopener\">\n\t\t\t\t\t\t\t<img decoding=\"async\" width=\"70\" height=\"70\" src=\"https:\/\/silica1.com\/lasmariasresort\/wp-content\/uploads\/2020\/11\/WhatsApp-Icon-e1604684437551.png\" class=\"attachment-large size-large wp-image-1717\" alt=\"\" \/>\t\t\t\t\t\t\t\t<\/a>\n\t\t\t\t\t\t\t\t\t\t\t\t\t\t\t<\/div>\n\t\t\t\t<\/div>\n\t\t\t\t\t<\/div>\n\t\t<\/div>\n\t\t\t\t\t<\/div>\n\t\t<\/section>\n\t\t\t\t<\/div>\n\t\t","protected":false},"excerpt":{"rendered":"<p>Hacienda las Mar\u00edas se ha convertido en el lugar de moda para bodas, quincea\u00f1eras, y todo tipo de eventos familiares, sociales, empresariales y de gobierno. https:\/\/youtu.be\/aHU0TFtvLIM Las Mar\u00edas ser\u00e1 le mejor sede para tu boda, o para cualquier evento. En las Mar\u00edas tenemos todo para que su boda o evento sea un acontecimiento inolvidable para &hellip;<\/p>\n<p class=\"read-more\"> <a class=\"\" href=\"https:\/\/silica1.com\/lasmariasresort\/eventos\/\"> <span class=\"screen-reader-text\">Eventos<\/span> Read More &raquo;<\/a><\/p>\n","protected":false},"author":1,"featured_media":0,"parent":0,"menu_order":0,"comment_status":"closed","ping_status":"closed","template":"","meta":{"footnotes":""},"class_list":["post-2937","page","type-page","status-publish","hentry"],"_links":{"self":[{"href":"https:\/\/silica1.com\/lasmariasresort\/wp-json\/wp\/v2\/pages\/2937","targetHints":{"allow":["GET"]}}],"collection":[{"href":"https:\/\/silica1.com\/lasmariasresort\/wp-json\/wp\/v2\/pages"}],"about":[{"href":"https:\/\/silica1.com\/lasmariasresort\/wp-json\/wp\/v2\/types\/page"}],"author":[{"embeddable":true,"href":"https:\/\/silica1.com\/lasmariasresort\/wp-json\/wp\/v2\/users\/1"}],"replies":[{"embeddable":true,"href":"https:\/\/silica1.com\/lasmariasresort\/wp-json\/wp\/v2\/comments?post=2937"}],"version-history":[{"count":6,"href":"https:\/\/silica1.com\/lasmariasresort\/wp-json\/wp\/v2\/pages\/2937\/revisions"}],"predecessor-version":[{"id":2978,"href":"https:\/\/silica1.com\/lasmariasresort\/wp-json\/wp\/v2\/pages\/2937\/revisions\/2978"}],"wp:attachment":[{"href":"https:\/\/silica1.com\/lasmariasresort\/wp-json\/wp\/v2\/media?parent=2937"}],"curies":[{"name":"wp","href":"https:\/\/api.w.org\/{rel}","templated":true}]}}